 + 3. Let q be v(-4). Suppose 3*l + d + d = q, -5*d = -10. What is the units digit of l?
2
Suppose 5*q + y = 4*y + 584, 466 = 4*q - 3*y. What is the tens digit of q?
1
Let t(o) = 2*o + 1. Let n be t(1). Let c(w) = w**3 - 4*w + 2. What is the tens digit of c(n)?
1
Let s = -1 - 2. Let u = s - 2. Let f = u + 9. What is the units digit of f?
4
Suppose 0*n = -3*n + 21. Let x = 7 - n. What is the units digit of (6/1)/(x + 1)?
6
Let c(k) = -k**2 - 2*k - 1. Let f(s) = -s + 6. Let h be f(7). Let t be c(h). Suppose t = m + 5*o - 26, -m = -4*o + 12 + 7. What is the units digit of m?
1
Suppose 3*o + 4*c - 5 = 0, -5*o + 18 = -5*c + 2*c. Suppose 4*k - o*v = 19, 0 = -3*k + 2*k - v + 3. Let u = k - 1. What is the units digit of u?
3
Let z = -300 + 562. What is the hundreds digit of z?
2
Let w(m) = 3*m**2 - 17*m + 12. Let g = 7 - -4. Let r(k) = -k**2 + 6*k - 4. Let t(c) = g*r(c) + 4*w(c). What is the units digit of t(3)?
7
Suppose -2*a = 3*j - 163, 20 = -4*j + 3*a + 226. What is the units digit of j?
3
Suppose 0 = i + 4, -5*c + i + 641 = 92. What is the hundreds digit of c?
1
Let s(z) = -3*z + 5. Let t be (-1)/2*-6*-2. What is the units digit of s(t)?
3
Let a(j) = 294*j**3 - j**2 + 2*j - 2. What is the tens digit of a(1)?
9
Let o = 49 + -24. What is the tens digit of o?
2
Suppose 60 = -3*b + 8*b. Suppose b = x - 11. What is the units digit of x?
3
Let b = 0 - -8. Suppose -w = -4*x - 20, -w + b*x - 3*x = -15. Suppose -2*l + 20 = -a, 3*l - w = 6*a - 2*a. What is the units digit of l?
8
Let w be (-3)/(-1) - -2 - -2. Let n be (0 + (-3)/(-9))*9. Suppose -n*k + 4*k + p = w, -3*k + 25 = 4*p. What is the units digit of k?
3
Suppose -5*z + 142 = p, -406 = -4*p - 3*z + 77. What is the units digit of p?
7
Suppose -4*j - j + 285 = 0. What is the tens digit of j?
5
Let g = 0 + 5. What is the units digit of g?
5
Let n = -4 - -24. What is the tens digit of n?
2
Let c = -57 + 41. Let r = 32 + c. What is the tens digit of r?
1
Let b(s) = s**2. Let h(o) = -o**3 + 11*o**2 - 4*o - 5. Let w(y) = -4*b(y) + h(y). What is the units digit of w(6)?
7
Let x(y) be the second derivative of -29*y**4/12 - y**2/2 - 2*y. Let n be x(1). What is the units digit of (n/4)/(6/(-8))?
0
Let a = 35 + 11. What is the tens digit of a?
4
Let d = -79 + 114. What is the tens digit of d?
3
What is the units digit of 6/4 - (-8)/16?
2
Suppose 2*r = -5*a + 25, 104 = 4*r - 2*a + 42. Let b = r + -10. What is the units digit of b?
5
Let w be (23/(-3))/(1/(-3)). Suppose -w = f - 3. What is the units digit of (-2)/5 + (-148)/f?
7
Suppose -5*s - 15 = -5*z, -4*s - 8 = -3*z - 0*z. Suppose 0 = z*f + 4*j - 44, -5*j = -5*f - 0*j + 65. What is the units digit of f?
2
Let h = 3 + 2. Suppose 0 = -2*q + 3*s - 5, -4 = h*q - 2*s - 19. What is the units digit of q?
5
Let n be (-9)/3 - (-7 - -2). Suppose 0*h + 3*h + 8 = -n*o, 0 = -4*o - 2*h. Suppose 3*j - 4 - o = 0. What is the units digit of j?
2
Let f = -8 + 13. Suppose f*n = -3*z + 18, z + z = 2. What is the units digit of n?
3
Suppose -2*a + a + 18 = 0. Suppose -2*i + m = -m + 14, i + 5*m = 5. What is the tens digit of a/(-45) - 57/i?
1
Suppose 0 = 5*v - 70 - 90. Suppose 18 = 5*s - v. Suppose 5*f = -s, 0*f = -2*a + 5*f + 26. What is the units digit of a?
8
Let l(y) = -4*y**2 - y + 4. Let x(r) be the first derivative of -7*r**3/3 - 3*r**2/2 + 9*r - 1. Let n(p) = 5*l(p) - 3*x(p). What is the units digit of n(-6)?
5
Let i = 4 - 40. What is the units digit of 9/i + (-33)/(-4)?
8
Suppose -3*l - j + 7 = 0, -4*l + 2*l = 2*j + 2. Let r(v) = 3*v - 6. Let n be r(l). Suppose -3*h - 27 = -n*h. What is the units digit of h?
9
Suppose -1 = 5*h - 6. What is the units digit of h?
1
Suppose -5*y + 5*b + 7 = -18, -y = b - 1. Suppose y*t - 19 = -2*t - 4*i, -5*i - 10 = -5*t. Let j = 9 - t. What is the units digit of j?
6
Suppose -i + 1 = -4*y, -3*y - 3*i = -7*y - 3. Suppose 15 = 5*f - y*f. What is the units digit of f?
3
Let l be (-9)/(-15)*(38 - 3). Suppose 0 = -2*o + l + 37. What is the tens digit of o?
2
Let f = 380 + -270. What is the hundreds digit of f?
1
Let m(c) = c**2 - c + 2. Let w be m(0). Suppose -4*y = -0*y - 12. Suppose 2*b = -3*b + 4*g + 14, -y*b - w*g + 26 = 0. What is the units digit of b?
6
Let n be -2*2/8*-8. Let v(q) = q - 9. Let p be v(n). Let c(i) = i**2 + 5*i + 3. What is the units digit of c(p)?
3
Let f(j) = -j + 9. Suppose -2 = 4*t - 6. Let d be 15/3*t + 2. What is the units digit of f(d)?
2
Let a = 10 + -7. Suppose -28 = -a*d + 8. Suppose 2*j + 4*z = d, -5*j = 2*z - 9 - 5. What is the units digit of j?
2
Suppose 4*x = 26 - 2. Suppose x + 4 = 2*m. Suppose 2*q - m*q = -9. What is the units digit of q?
3
Let p = -389 - -548. What is the hundreds digit of p?
1
Let m be 6/(1/(1/2)). What is the tens digit of 6/(-2) + 60/m?
1
Let r be (3 + (-26)/8)*-8. What is the units digit of r/7 - 3132/(-63)?
0
Suppose -2*f + 4*f = 58. What is the units digit of f?
9
Let q(x) = x**3 - 6*x**2 + 7*x - 6. Let f be q(5). Let m = -2 + f. Suppose 2*s + 14 = m*p, -p + 4*s - 5 = -21. What is the units digit of p?
4
Suppose 2*z + 2*z = 0. Suppose -o - 4*o = z. Suppose o = -2*s - n - 2 + 3, 4*s = -4*n. What is the units digit of s?
1
Let x = 169 + -86. What is the tens digit of x?
8
What is the units digit of (-1116)/(-24)*(6/2 - 1)?
3
Let v = 15 - 11. Suppose 0 = -4*b + 64 + v. What is the units digit of b?
7
Let b = 0 - -10. Let a = b + -2. What is the units digit of a?
8
Let m = 184 - 59. What is the hundreds digit of m?
1
Suppose -3*p = -7 - 14. Let i(u) = -u**3 + 8*u**2 - 6*u + 2. What is the units digit of i(p)?
9
Let j(g) = 2*g**3 - 3*g + 6*g**2 - 3*g**3 - 2*g + 4. Let k be j(5). What is the tens digit of (-284)/(-18) - k/(-18)?
1
Let j(u) = -u + 1. Suppose -4*o = 5*d + 16, 2*d + 3*o + 2*o + 20 = 0. What is the units digit of j(d)?
1
Let a(x) = 19*x + 4. What is the units digit of a(9)?
5
Let z be -2*(-4)/(-8)*7. What is the units digit of z*(-1)/(-1)*-1?
7
Let y(a) = -49*a - 18. What is the units digit of y(-3)?
9
Let y(o) = 19*o**3 + o. Let z be y(1). Suppose b = -3*t + 10, -4*b - b - z = t. Suppose -2*p = -3*q + 6, -t*q + 3*p + 16 = 6. What is the units digit of q?
2
Let u(h) = 3*h - 9. Suppose 2*a - 16 = -2*n, 3*a = a + n + 16. Let f be u(a). Suppose 2*l - f = -1. What is the units digit of l?
7
Suppose -k = 5*y - 141, -13 - 47 = -2*y - 4*k. Suppose w - y = -w. What is the units digit of w?
4
Let v = -13 + 36. Suppose 4*k - 5*t - 20 = v, -2*t - 24 = -2*k. What is the tens digit of k?
1
Let f = -131 + 239. Suppose -5*u + 132 = -f. What is the tens digit of u?
4
Suppose 0 = -2*r + 5*r - 9. What is the units digit of (r/(-3))/(-1) - -11?
2
Suppose 2*l + 42 = -4*n - l, 3*n + 44 = 4*l. What is the units digit of (9/n)/((-1)/4)?
3
Let x(g) = g**3 + g**2 - g. Let k be x(1). Suppose -a - k = -2*p - 5, -5*a + 25 = -5*p. What is the units digit of a?
6
Let w(k) = k**3 - 17*k**2 + 22. Let x be w(17). Let m = -2 + x. What is the units digit of m?
0
Let q = -1 + -5. Let a(t) = -t**3 - 6*t**2 + 3*t - 9. Let j(g) = 3*g**3 + 18*g**2 - 8*g + 26. Let h(m) = 8*a(m) + 3*j(m). What is the units digit of h(q)?
6
Let b(f) = -22*f - 2. Suppose -4*r - r = 15. Let y be b(r). Suppose -2*t = 5*a - y, -2*a - 6 = -3*a + 3*t. What is the tens digit of a?
1
Let g(v) = -v**3 - 3*v**2 - 4*v - 2. Let d be -2*6*3/12. Let x be g(d). Let u = x - 5. What is the units digit of u?
5
Let t(i) = 3*i**2 - 6. Let m(l) = -7*l**2 + 12. Let c be (-2)/(-2) + (-3 - 0). Let j(f) = c*m(f) - 5*t(f). What is the units digit of j(0)?
6
Let w(r) = r**3 + 13*r**2 + 6. What is the units digit of w(-12)?
0
What is the units digit of 178 - (-2 - -2)/(-3)?
8
Let o(d) = d**2 + d - 1. Let k = -5 - 0. Let f(p) = -6*p**2 - 8*p + 3. Let i(a) = k*o(a) - f(a). What is the tens digit of i(-5)?
1
Let q = 79 + -10. What is the units digit of q?
9
Suppose 7 - 3 = v. Suppose 3*r + 2 = -2*i, 0*i = -v*i + 4*r - 4. Let u = 6 + i. What is the units digit of u?
5
Suppose 20*u - 40 = 16*u. What is the tens digit of 24/u*(-80)/(-6)?
3
Let u(k) = k**2 + 4*k - 13. Let q be u(9). Suppose -3*v + 4 = -q. What is the units digit of ((-1)/(-3))/(4/v)?
3
Let o(u) = 5*u**2 + 9*u - 12. Let q(x) = -x**2 - x. Let n(g) = -o(g) - 4*q(g). Let a be n(-10). Let y = -24 - a. What is the units digit of y?
4
Suppose -2*b - p + 4*p = -13, p = 3*b - 16. Suppose 2 = b*x - 18. Suppo